{"id":15,"date":"2019-12-21T13:00:04","date_gmt":"2019-12-21T13:00:04","guid":{"rendered":"http:\/\/newpage.aachenerjongleure.de\/?page_id=15"},"modified":"2022-04-29T14:17:23","modified_gmt":"2022-04-29T14:17:23","slug":"mitglied-werden","status":"publish","type":"page","link":"http:\/\/newpage.aachenerjongleure.de\/?page_id=15","title":{"rendered":"Mitglied werden"},"content":{"rendered":"\n<p>Bei uns kann grunds\u00e4tzlich jeder Mitglied werden.<\/p>\n\n\n\n<p>Wir empfehlen dir am besten einfach bei einem unserer <a href=\"http:\/\/newpage.aachenerjongleure.de\/?page_id=19\" data-type=\"page\" data-id=\"19\">regelm\u00e4\u00dfigen Treffen<\/a> vorbei zu kommen oder unser\u00a0<a rel=\"noreferrer noopener\" href=\"https:\/\/drive.google.com\/open?id=1m3uy-TLeCIHK6hyEu4YdHJIMwinGfvzQZgby3772w8Q\" target=\"_blank\">Onlineformular<\/a> zu nutzen.<br> F\u00fcr Auftrittsanfragen nutze auch das <a href=\"http:\/\/newpage.aachenerjongleure.de\/?page_id=86\" data-type=\"page\" data-id=\"86\">Kontaktformular!<\/a><\/p>\n\n\n\n<p>Hier findest du unsere&nbsp;<a href=\"https:\/\/acj146544389.files.wordpress.com\/2019\/04\/satzung-acj-1.2-april-2018.odt.pdf\">Satzung (inkl. Beitragsordnung) zum Download<\/a><\/p>\n\n\n\n<p>Wir sind immer dankbar f\u00fcr Unterst\u00fctzung in Form von Geld- und Sachspenden.<br> Wer uns unterst\u00fctzen m\u00f6chte kann unseren Patreonlink [incoming!] oder das <a href=\"http:\/\/newpage.aachenerjongleure.de\/?page_id=86\" data-type=\"page\" data-id=\"86\">Kontaktformular<\/a> nutzen.<\/p>\n","protected":false},"excerpt":{"rendered":"<p>Bei uns kann grunds\u00e4tzlich jeder Mitglied werden. Wir empfehlen dir am besten einfach bei einem unserer regelm\u00e4\u00dfigen Treffen vorbei zu kommen oder unser\u00a0Onlineformular zu nutzen. F\u00fcr Auftrittsanfragen nutze auch das Kontaktformular! Hier findest du unsere&nbsp;Satzung (inkl. Beitragsordnung) zum Download Wir sind immer dankbar f\u00fcr Unterst\u00fctzung in Form von Geld- und Sachspenden. Wer uns unterst\u00fctzen m\u00f6chte [&hellip;]<\/p>\n","protected":false},"author":1,"featured_media":0,"parent":0,"menu_order":0,"comment_status":"closed","ping_status":"closed","template":"","meta":{"footnotes":""},"_links":{"self":[{"href":"http:\/\/newpage.aachenerjongleure.de\/index.php?rest_route=\/wp\/v2\/pages\/15"}],"collection":[{"href":"http:\/\/newpage.aachenerjongleure.de\/index.php?rest_route=\/wp\/v2\/pages"}],"about":[{"href":"http:\/\/newpage.aachenerjongleure.de\/index.php?rest_route=\/wp\/v2\/types\/page"}],"author":[{"embeddable":true,"href":"http:\/\/newpage.aachenerjongleure.de\/index.php?rest_route=\/wp\/v2\/users\/1"}],"replies":[{"embeddable":true,"href":"http:\/\/newpage.aachenerjongleure.de\/index.php?rest_route=%2Fwp%2Fv2%2Fcomments&post=15"}],"version-history":[{"count":4,"href":"http:\/\/newpage.aachenerjongleure.de\/index.php?rest_route=\/wp\/v2\/pages\/15\/revisions"}],"predecessor-version":[{"id":149,"href":"http:\/\/newpage.aachenerjongleure.de\/index.php?rest_route=\/wp\/v2\/pages\/15\/revisions\/149"}],"wp:attachment":[{"href":"http:\/\/newpage.aachenerjongleure.de\/index.php?rest_route=%2Fwp%2Fv2%2Fmedia&parent=15"}],"curies":[{"name":"wp","href":"https:\/\/api.w.org\/{rel}","templated":true}]}}